 w.
27
Suppose -57 = -4*s + 151. Let g = -4 + s. Suppose -4 - 14 = -3*l. What is the highest common factor of l and g?
6
Suppose -432 = -14*u + 8*u. What is the greatest common divisor of 16 and u?
8
Suppose -4*j + 3*r + 285 = -90, -475 = -5*j + 5*r. Let n(d) = -3*d + 1. Let c be n(-3). Calculate the highest common factor of c and j.
10
Suppose -15 = p + 2*p. Let l = p - -25. What is the highest common divisor of 100 and l?
20
Let x = 238 + -259. Suppose g = 3*g - 86. Let t = x + g. What is the greatest common factor of t and 22?
22
Suppose 2*q - 161 = 109. Calculate the greatest common divisor of q and 297.
27
Let t(h) = -10*h + 12. Let m be t(2). Let g be 22/5 - m/(-20) - 0. Calculate the highest common factor of 32 and g.
4
Let m be 81 + -3 + 0 + 3. Suppose 5*q - m = 99. Calculate the highest common divisor of q and 4.
4
Suppose 5 + 4 = -9*u. Let i(k) = 11*k**2 + k + 1. Let m be i(u). What is the highest common divisor of 44 and m?
11
Suppose -9*v + 672 = 204. What is the highest common factor of v and 78?
26
Let h(i) = -2*i**3 - 2*i**2 - i + 3. Let o be h(-2). Let b = o + -8. Suppose b*x - 3*k - 71 = 71, 4*k = -16. Calculate the greatest common divisor of 104 and x.
26
Suppose -2*w - 19 = -65. Let k = w - 3. What is the highest common factor of 5 and k?
5
Let f be 2 + -2 - (3 - 21). Suppose -78 = -72*t + 59*t. What is the greatest common divisor of t and f?
6
Let f be 14 + 2 + 0/3. Let k be -2*(76/(-8) + 3). Suppose -k*j + 8*j + 80 = 0. Calculate the greatest common factor of j and f.
16
Suppose 28 = -0*g - g. Let i be g/12*-33 + 0. Calculate the greatest common factor of 7 and i.
7
Let y(q) = 6*q**2 - 4*q - 5. Let p be y(5). Suppose k + k + 2*t - 92 = 0, 0 = -2*t - 8. Calculate the highest common divisor of p and k.
25
Let f(h) = -4*h + 5. Let g be f(-7). Let s = 26 - g. Let k(u) = u**3 + 7*u**2 - u + 2. Let c be k(s). Calculate the greatest common divisor of c and 27.
9
Suppose -5*w = -c - 13, 5*c + 5 = w + 4*w. Let l(n) = n - 1. Let k be l(c). Let v be (6 - 2)/(k/11). What is the highest common divisor of 110 and v?
22
Let u be -22*6/(-48) + 1/4. Let a(d) = -d**2 + 7*d - 2. Let y be a(u). Calculate the highest common divisor of y and 30.
10
Let m = 53 - 95. Let z be m/9*(-12 - -3). What is the highest common divisor of 14 and z?
14
Let q(c) = 7*c - 20. Let x be q(4). Suppose 2*r - x = -4*y, 5*y + 8 = -r - 0*y. What is the highest common factor of 36 and r?
12
Let z(n) = 2*n**2 + 5*n + 8. Let f be z(-5). Suppose 3*r = 84 + f. What is the highest common divisor of 13 and r?
13
Suppose -6*m + 624 = 18*m. Calculate the greatest common divisor of m and 286.
26
Let m be (2*-1)/(5 + -4) - -7. Suppose -3*c = -g - m*c + 27, 2*c = -3*g + 61. What is the greatest common factor of g and 85?
17
Let y(j) = 42*j**2 + j - 4. Let i be y(-3). Let a be 2*((-315)/(-14) - -4). Calculate the highest common divisor of a and i.
53
Let w be (88/10)/((-3)/15). Let k = w - -48. Calculate the greatest common factor of 4 and k.
4
Let x be 6 - (-3 + (4 - 7)). Suppose 4*b = -5*v + 138, 0 = 2*v - 6*v + 3*b + 129. Calculate the highest common divisor of x and v.
6
Let a(o) = -o**3 + 18*o**2 - 18*o + 2. Let r be a(17). Let l be (3 + r/(-20))/(1/4). Suppose -18 = -5*v + 2*v. What is the highest common factor of l and v?
3
Let z be 2/5 - (-396)/10. Let v(l) be the second derivative of -l**4/12 + 2*l**3 + l. Let u be v(10). Calculate the greatest common factor of z and u.
20
Suppose 1100 = 6*j + 14*j. Calculate the greatest common divisor of j and 385.
55
Let l = 39 - 91. Let j be (l + 0 + 1)*98/(-42). What is the greatest common factor of j and 17?
17
Let h be 4 - 0 - (15 + -14). Calculate the greatest common divisor of 123 and h.
3
Let y(w) = w**2 + 14*w + 17. Let f be y(-15). Calculate the highest common divisor of 424 and f.
8
Let s(c) be the third derivative of -5*c**4/8 - c**3/3 - c**2. Suppose 2 = 3*k + 8. Let q be s(k). Calculate the highest common factor of 14 and q.
14
Suppose -30 = -8*p + 5*p. Calculate the highest common divisor of 6 and p.
2
Let k = 178 + 105. Suppose -o + 2*p + k = 0, -p + 4*p = 3*o - 837. What is the highest common divisor of o and 55?
55
Suppose 455 = 6*u + 23. Calculate the highest common factor of u and 180.
36
Let i be 11 - (-4)/((-8)/6). Let v be -2 - (-7)/(7/i). What is the highest common factor of v and 6?
6
Let o be 78/4 - 1/2. Suppose -11*c - 475 = 8*c. Let i be (c/(-15) + -3)*-57. Calculate the highest common factor of o and i.
19
Let w = -1 - -11. Let s(n) = -n**3 + 9*n**2 + 14*n + 6. Let g be s(w). Let k = g + -28. What is the greatest common divisor of k and 2?
2
Let r = 31 - 32. Let h be r - ((-255)/3 - 4). Let i be (-3)/6*6 + 14. What is the greatest common divisor of h and i?
11
Let h be (-10)/3*-52*(-30)/(-40). Calculate the greatest common factor of 70 and h.
10
Let m(v) = 2*v**3 - v. Suppose -3*d - a + 5 = 0, 0 - 8 = 2*d - 5*a. Let z be m(d). Let w = z + 1. Calculate the highest common factor of w and 2.
2
Suppose 6*f - 13 = -13. Suppose f = 2*r + u - 24, 3*r - 9 - 16 = 4*u. What is the highest common divisor of r and 88?
11
Let i(k) = -k**3 - 9*k**2 - 3*k + 9. Let q(r) = -2*r**3 + r**2 + 2*r - 9. Let b be q(0). Let p be i(b). Calculate the highest common divisor of p and 9.
9
Let r be 7/(11 + -4) - -1. Let k = 9 - 1. What is the greatest common factor of k and r?
2
Suppose 54 = 8*z - 2*z. Calculate the greatest common divisor of z and 18.
9
Let n(q) = -16*q + 1. Let r be n(-1). Let w = -12 + r. Let l be 19 + -5 + -1 + w. What is the greatest common factor of l and 6?
6
Let k(f) = -f**3 - 3*f**2 - 12*f - 10. Let t be k(-8). Suppose 0 = -2*o - 0*o + t. Suppose 2*y + 41 = o. What is the greatest common factor of y and 9?
9
Let v be (-264)/(-56) + 2/7. Suppose -5*k + 167 = h, v*h = -4*k + k + 945. Calculate the highest common factor of 24 and h.
24
Let g = 491 + -103. Let r be (-1)/(-3) - (2 - g/6). What is the highest common factor of r and 21?
21
Suppose -4*g = 5*i + 5, 3*i + 24 = 9. Suppose 22*f - g*f - 34 = 0. Calculate the highest common divisor of f and 2.
2
Suppose 3*c + 229 = 2*o, -5*c + 154 = -3*o + 499. Let b = o - 76. Suppose 5*w - 255 = 2*w. Calculate the highest common divisor of w and b.
17
Suppose -6*u = -16 + 58. Let x be (-275)/u + 28/(-98). What is the highest common divisor of x and 52?
13
Let v = 124 - 118. What is the highest common factor of v and 366?
6
Suppose 5*u + 30 = 110. Let t be (1 + 1)*(-3 - -88 - -3). What is the greatest common factor of u and t?
16
Let o = -399 - -534. Calculate the greatest common divisor of 5 and o.
5
Suppose -7*j + 5*j + 272 = 0. Suppose 2 - 10 = -4*v, 5*n - j = 2*v. Let y be 28/(0 - 3 - 10/(-3)). What is the greatest common factor of n and y?
28
Suppose 0 = 139*a - 149*a + 2430. What is the highest common factor of a and 27?
27
Let t(m) = 40*m**2 + 19*m + 34. Let n be t(-2). Calculate the highest common factor of 12 and n.
12
Suppose -3*o + 3492 = j + 2*j, -5800 = -5*j + 5*o. Calculate the greatest common factor of j and 14.
14
Let t(u) = 6*u - 1. Let f be t(-1). Let q be f/(-3) - 10/30. Calculate the highest common factor of 5 and q.
1
Let v be (-47)/(-7) + (-10)/(-35). What is the highest common divisor of v and 41?
1
Let z = 569 - 177. Suppose s + 235 = 5*g + 3*s, -2*g = s - 93. What is the greatest common divisor of z and g?
49
Let l be ((-4)/3)/((-1)/3). Let v be (2/l)/((-3)/(-138)). Let b be (4/6 - -2)*69. What is the highest common factor of b and v?
23
Suppose -2*p - u - 2*u = -1235, 0 = -3*p - 4*u + 1855. Calculate the highest common divisor of p and 5.
5
Let s = 2621 + -1191. Calculate the highest common factor of 33 and s.
11
Suppose y = 6*y + 310. Let v = y - -83. Calculate the greatest common divisor of 6 and v.
3
Let u = -192 - -553. Let d = u + -199. Calculate the greatest common factor of d and 18.
18
Let m(y) = y + 5. Let f be m(-7). Let r be 1 + (f + 2 - 2). Let l be r + 9 - (0 + 2). What is the highest common factor of l and 2?
2
Suppose -5*v + 8*v - 360 = 0. What is the greatest common factor of v and 16?
8
Let g = -113 - -158. Let f be 2/2 + 5 + -1. What is the greatest common factor of f and g?
5
Let f be (2 - (-12)/10)*(45 + -25). What is the greatest common divisor of f and 24?
8
Let q(j) = 5*j**2 + 5*j + 15. Let a be q(-6). What is the greate